{"id":279,"date":"2022-11-07T14:54:16","date_gmt":"2022-11-07T12:54:16","guid":{"rendered":"https:\/\/proreilumpiyhteiskunta.fi\/?page_id=279"},"modified":"2023-01-12T13:27:49","modified_gmt":"2023-01-12T11:27:49","slug":"information-om-foreningen","status":"publish","type":"page","link":"https:\/\/proreilumpiyhteiskunta.fi\/sv\/information-om-foreningen\/","title":{"rendered":"Information om f\u00f6reningen"},"content":{"rendered":"\n<section id=\"acf-block-69f3f17045812\" class=\"block block-fiftyFiftyLift container-fluid \">\n    <div class=\"container\">\n        <div class=\"row\">\n            <div class=\"col-12 block-fiftyFiftyLift__container\">\n                <div class=\"entry-content col-12 col-lg-6\">\n                    <div class=\"acf-innerblocks-container\">\n\n<p>Finansieringen av det nordiska v\u00e4lf\u00e4rdssamh\u00e4llet kr\u00e4ver en fungerande marknadsekonomi. F\u00f6reningen Pro r\u00e4ttvisare samh\u00e4lle fr\u00e4mjar en god och fungerande marknadsekonomi. En central del av en fungerande marknadsekonomi \u00e4r ett starkt v\u00e4lf\u00e4rds- och avtalssamh\u00e4lle d\u00e4r lagstiftningen garanterar ett r\u00e4ttvist arbetsliv samt ett stabilt och organiserat samh\u00e4lle d\u00e4r f\u00f6retagen inte kan f\u00e5 konkurrensf\u00f6rdelar genom att bryta mot reglerna.<\/p>\n\n\n\n<p>F\u00f6reningens m\u00e5l \u00e4r ocks\u00e5 att fr\u00e4mja demokrati i det politiska beslutsfattandet. Till metoderna h\u00f6r bland annat att \u00f6ka \u00f6ppenheten i valfinansieringen, s\u00e4nka gr\u00e4nsen f\u00f6r anm\u00e4lningsskyldighet i fr\u00e5ga om finansieringen samt att fastst\u00e4lla tak f\u00f6r valkampanjer.<\/p>\n\n\n\n<p>F\u00f6r att f\u00f6rverkliga sitt syfte g\u00f6r f\u00f6reningen Pro r\u00e4ttvisare samh\u00e4lle f\u00f6ljande:<\/p>\n\n\n\n<ul class=\"wp-block-list\">\n<li>f\u00f6ljer den samh\u00e4lleliga, politiska och ekonomiska utvecklingen i verksamhetsmilj\u00f6n<\/li>\n\n\n\n<li>distribuerar och tillhandah\u00e5ller information till sina medlemmar och andra personer om f\u00f6rdelarna med en fungerande och r\u00e4ttvis marknadsekonomi samt ett stabilt och organiserat avtalssamh\u00e4lle<\/li>\n\n\n\n<li>samarbetar med andra f\u00f6reningar som delar samma m\u00e5l<\/li>\n\n\n\n<li>hj\u00e4lper privatpersoner och sammanslutningar som har som m\u00e5l att p\u00e5verka samh\u00e4lleligt eller politiskt p\u00e5 ett s\u00e4tt som st\u00f6der f\u00f6reningens syfte.<\/li>\n<\/ul>\n\n\n\n<p>Varje person eller registrerad f\u00f6rening som godk\u00e4nner f\u00f6reningens syfte och <a href=\"https:\/\/proreilumpiyhteiskunta.fi\/sv\/pro-reilumpi-yhteiskunta-rys-stadgar\/\">stadgar<\/a> kan bli medlem i f\u00f6reningen.<\/p>\n\n<\/div>\n                <\/div>\n                <div class=\"block-fiftyFiftyLift__img col-12 col-lg-5\">\n                                        <img decoding=\"async\" src=\"https:\/\/proreilumpiyhteiskunta.fi\/wp-content\/uploads\/2022\/12\/aurajokiranta-kuva-arto-takala-turun-kaupunki-1920x1349-1.jpg\" alt=\"Py\u00f6r\u00e4ilij\u00e4 ajaa ravintolan terassin vierest\u00e4 Turun Aurajoen rannassa,\" \/>\n                <\/div>\n            <\/div>\n        <\/div>\n    <\/div>\n<\/section>\n\n\n<section id=\"acf-block-69f3f170465d1\" class=\"block block-content-wrapper container-fluid \">\n    <div class=\"container\">\n        <div class=\"row\">\n            <div class=\"col-12 col-lg-8 offset-lg-2 col-hd-6 offset-hd-3\">\n                <main class=\"entry-content\">\n                    <div class=\"acf-innerblocks-container\">\n\n<p><\/p>\n\n<\/div>\n                <\/main>\n            <\/div>\n        <\/div>\n    <\/div>\n<\/section>","protected":false},"excerpt":{"rendered":"","protected":false},"author":1,"featured_media":0,"parent":0,"menu_order":0,"comment_status":"closed","ping_status":"closed","template":"","meta":{"footnotes":""},"class_list":["post-279","page","type-page","status-publish","hentry"],"acf":[],"yoast_head":"<!-- This site is optimized with the Yoast SEO plugin v23.3 - https:\/\/yoast.com\/wordpress\/plugins\/seo\/ -->\n<title>Information om f\u00f6reningen - Pro R\u00e4ttvisare Samh\u00e4lle<\/title>\n<meta name=\"robots\" content=\"index, follow, max-snippet:-1, max-image-preview:large, max-video-preview:-1\" \/>\n<link rel=\"canonical\" href=\"https:\/\/proreilumpiyhteiskunta.fi\/sv\/information-om-foreningen\/\" \/>\n<meta property=\"og:locale\" content=\"sv_SE\" \/>\n<meta property=\"og:type\" content=\"article\" \/>\n<meta property=\"og:title\" content=\"Information om f\u00f6reningen - Pro R\u00e4ttvisare Samh\u00e4lle\" \/>\n<meta property=\"og:url\" content=\"https:\/\/proreilumpiyhteiskunta.fi\/sv\/information-om-foreningen\/\" \/>\n<meta property=\"og:site_name\" content=\"Pro R\u00e4ttvisare Samh\u00e4lle\" \/>\n<meta property=\"article:modified_time\" content=\"2023-01-12T11:27:49+00:00\" \/>\n<meta name=\"twitter:card\" content=\"summary_large_image\" \/>\n<script type=\"application\/ld+json\" class=\"yoast-schema-graph\">{\"@context\":\"https:\/\/schema.org\",\"@graph\":[{\"@type\":\"WebPage\",\"@id\":\"https:\/\/proreilumpiyhteiskunta.fi\/sv\/information-om-foreningen\/\",\"url\":\"https:\/\/proreilumpiyhteiskunta.fi\/sv\/information-om-foreningen\/\",\"name\":\"Information om f\u00f6reningen - Pro R\u00e4ttvisare Samh\u00e4lle\",\"isPartOf\":{\"@id\":\"https:\/\/proreilumpiyhteiskunta.fi\/#website\"},\"datePublished\":\"2022-11-07T12:54:16+00:00\",\"dateModified\":\"2023-01-12T11:27:49+00:00\",\"breadcrumb\":{\"@id\":\"https:\/\/proreilumpiyhteiskunta.fi\/sv\/information-om-foreningen\/#breadcrumb\"},\"inLanguage\":\"sv-SE\",\"potentialAction\":[{\"@type\":\"ReadAction\",\"target\":[\"https:\/\/proreilumpiyhteiskunta.fi\/sv\/information-om-foreningen\/\"]}]},{\"@type\":\"BreadcrumbList\",\"@id\":\"https:\/\/proreilumpiyhteiskunta.fi\/sv\/information-om-foreningen\/#breadcrumb\",\"itemListElement\":[{\"@type\":\"ListItem\",\"position\":1,\"name\":\"Home\",\"item\":\"https:\/\/proreilumpiyhteiskunta.fi\/sv\/\"},{\"@type\":\"ListItem\",\"position\":2,\"name\":\"Information om f\u00f6reningen\"}]},{\"@type\":\"WebSite\",\"@id\":\"https:\/\/proreilumpiyhteiskunta.fi\/#website\",\"url\":\"https:\/\/proreilumpiyhteiskunta.fi\/\",\"name\":\"Pro R\u00e4ttvisare Samh\u00e4lle\",\"description\":\"Pro R\u00e4ttvisare Samh\u00e4lle\",\"potentialAction\":[{\"@type\":\"SearchAction\",\"target\":{\"@type\":\"EntryPoint\",\"urlTemplate\":\"https:\/\/proreilumpiyhteiskunta.fi\/?s={search_term_string}\"},\"query-input\":\"required name=search_term_string\"}],\"inLanguage\":\"sv-SE\"}]}<\/script>\n<!-- \/ Yoast SEO plugin. -->","yoast_head_json":{"title":"Information om f\u00f6reningen - Pro R\u00e4ttvisare Samh\u00e4lle","robots":{"index":"index","follow":"follow","max-snippet":"max-snippet:-1","max-image-preview":"max-image-preview:large","max-video-preview":"max-video-preview:-1"},"canonical":"https:\/\/proreilumpiyhteiskunta.fi\/sv\/information-om-foreningen\/","og_locale":"sv_SE","og_type":"article","og_title":"Information om f\u00f6reningen - Pro R\u00e4ttvisare Samh\u00e4lle","og_url":"https:\/\/proreilumpiyhteiskunta.fi\/sv\/information-om-foreningen\/","og_site_name":"Pro R\u00e4ttvisare Samh\u00e4lle","article_modified_time":"2023-01-12T11:27:49+00:00","twitter_card":"summary_large_image","schema":{"@context":"https:\/\/schema.org","@graph":[{"@type":"WebPage","@id":"https:\/\/proreilumpiyhteiskunta.fi\/sv\/information-om-foreningen\/","url":"https:\/\/proreilumpiyhteiskunta.fi\/sv\/information-om-foreningen\/","name":"Information om f\u00f6reningen - Pro R\u00e4ttvisare Samh\u00e4lle","isPartOf":{"@id":"https:\/\/proreilumpiyhteiskunta.fi\/#website"},"datePublished":"2022-11-07T12:54:16+00:00","dateModified":"2023-01-12T11:27:49+00:00","breadcrumb":{"@id":"https:\/\/proreilumpiyhteiskunta.fi\/sv\/information-om-foreningen\/#breadcrumb"},"inLanguage":"sv-SE","potentialAction":[{"@type":"ReadAction","target":["https:\/\/proreilumpiyhteiskunta.fi\/sv\/information-om-foreningen\/"]}]},{"@type":"BreadcrumbList","@id":"https:\/\/proreilumpiyhteiskunta.fi\/sv\/information-om-foreningen\/#breadcrumb","itemListElement":[{"@type":"ListItem","position":1,"name":"Home","item":"https:\/\/proreilumpiyhteiskunta.fi\/sv\/"},{"@type":"ListItem","position":2,"name":"Information om f\u00f6reningen"}]},{"@type":"WebSite","@id":"https:\/\/proreilumpiyhteiskunta.fi\/#website","url":"https:\/\/proreilumpiyhteiskunta.fi\/","name":"Pro R\u00e4ttvisare Samh\u00e4lle","description":"Pro R\u00e4ttvisare Samh\u00e4lle","potentialAction":[{"@type":"SearchAction","target":{"@type":"EntryPoint","urlTemplate":"https:\/\/proreilumpiyhteiskunta.fi\/?s={search_term_string}"},"query-input":"required name=search_term_string"}],"inLanguage":"sv-SE"}]}},"_links":{"self":[{"href":"https:\/\/proreilumpiyhteiskunta.fi\/sv\/wp-json\/wp\/v2\/pages\/279","targetHints":{"allow":["GET"]}}],"collection":[{"href":"https:\/\/proreilumpiyhteiskunta.fi\/sv\/wp-json\/wp\/v2\/pages"}],"about":[{"href":"https:\/\/proreilumpiyhteiskunta.fi\/sv\/wp-json\/wp\/v2\/types\/page"}],"author":[{"embeddable":true,"href":"https:\/\/proreilumpiyhteiskunta.fi\/sv\/wp-json\/wp\/v2\/users\/1"}],"replies":[{"embeddable":true,"href":"https:\/\/proreilumpiyhteiskunta.fi\/sv\/wp-json\/wp\/v2\/comments?post=279"}],"version-history":[{"count":15,"href":"https:\/\/proreilumpiyhteiskunta.fi\/sv\/wp-json\/wp\/v2\/pages\/279\/revisions"}],"predecessor-version":[{"id":338,"href":"https:\/\/proreilumpiyhteiskunta.fi\/sv\/wp-json\/wp\/v2\/pages\/279\/revisions\/338"}],"wp:attachment":[{"href":"https:\/\/proreilumpiyhteiskunta.fi\/sv\/wp-json\/wp\/v2\/media?parent=279"}],"curies":[{"name":"wp","href":"https:\/\/api.w.org\/{rel}","templated":true}]}}

Information om föreningen

<section id="acf-block-69f3f17045812" class="block block-fiftyFiftyLift container-fluid ">
    <div class="container">
        <div class="row">
            <div class="col-12 block-fiftyFiftyLift__container">
                <div class="entry-content col-12 col-lg-6">
                    <div class="acf-innerblocks-container">

<p>Finansieringen av det nordiska välfärdssamhället kräver en fungerande marknadsekonomi. Föreningen Pro rättvisare samhälle främjar en god och fungerande marknadsekonomi. En central del av en fungerande marknadsekonomi är ett starkt välfärds- och avtalssamhälle där lagstiftningen garanterar ett rättvist arbetsliv samt ett stabilt och organiserat samhälle där företagen inte kan få konkurrensfördelar genom att bryta mot reglerna.</p>



<p>Föreningens mål är också att främja demokrati i det politiska beslutsfattandet. Till metoderna hör bland annat att öka öppenheten i valfinansieringen, sänka gränsen för anmälningsskyldighet i fråga om finansieringen samt att fastställa tak för valkampanjer.</p>



<p>För att förverkliga sitt syfte gör föreningen Pro rättvisare samhälle följande:</p>



<ul class="wp-block-list">
<li>följer den samhälleliga, politiska och ekonomiska utvecklingen i verksamhetsmiljön</li>



<li>distribuerar och tillhandahåller information till sina medlemmar och andra personer om fördelarna med en fungerande och rättvis marknadsekonomi samt ett stabilt och organiserat avtalssamhälle</li>



<li>samarbetar med andra föreningar som delar samma mål</li>



<li>hjälper privatpersoner och sammanslutningar som har som mål att påverka samhälleligt eller politiskt på ett sätt som stöder föreningens syfte.</li>
</ul>



<p>Varje person eller registrerad förening som godkänner föreningens syfte och <a href="https://proreilumpiyhteiskunta.fi/sv/pro-reilumpi-yhteiskunta-rys-stadgar/">stadgar</a> kan bli medlem i föreningen.</p>

</div>
                </div>
                <div class="block-fiftyFiftyLift__img col-12 col-lg-5">
                                        <img decoding="async" src="https://proreilumpiyhteiskunta.fi/wp-content/uploads/2022/12/aurajokiranta-kuva-arto-takala-turun-kaupunki-1920x1349-1.jpg" alt="Pyöräilijä ajaa ravintolan terassin vierestä Turun Aurajoen rannassa," />
                </div>
            </div>
        </div>
    </div>
</section>


<section id="acf-block-69f3f170465d1" class="block block-content-wrapper container-fluid ">
    <div class="container">
        <div class="row">
            <div class="col-12 col-lg-8 offset-lg-2 col-hd-6 offset-hd-3">
                <main class="entry-content">
                    <div class="acf-innerblocks-container">

<p></p>

</div>
                </main>
            </div>
        </div>
    </div>
</section>

<!-- This site is optimized with the Yoast SEO plugin v23.3 - https://yoast.com/wordpress/plugins/seo/ -->
<title>Information om föreningen - Pro Rättvisare Samhälle</title>
<meta name="robots" content="index, follow, max-snippet:-1, max-image-preview:large, max-video-preview:-1" />
<link rel="canonical" href="https://proreilumpiyhteiskunta.fi/sv/information-om-foreningen/" />
<meta property="og:locale" content="sv_SE" />
<meta property="og:type" content="article" />
<meta property="og:title" content="Information om föreningen - Pro Rättvisare Samhälle" />
<meta property="og:url" content="https://proreilumpiyhteiskunta.fi/sv/information-om-foreningen/" />
<meta property="og:site_name" content="Pro Rättvisare Samhälle" />
<meta property="article:modified_time" content="2023-01-12T11:27:49+00:00" />
<meta name="twitter:card" content="summary_large_image" />
<script type="application/ld+json" class="yoast-schema-graph">{"@context":"https://schema.org","@graph":[{"@type":"WebPage","@id":"https://proreilumpiyhteiskunta.fi/sv/information-om-foreningen/","url":"https://proreilumpiyhteiskunta.fi/sv/information-om-foreningen/","name":"Information om föreningen - Pro Rättvisare Samhälle","isPartOf":{"@id":"https://proreilumpiyhteiskunta.fi/#website"},"datePublished":"2022-11-07T12:54:16+00:00","dateModified":"2023-01-12T11:27:49+00:00","breadcrumb":{"@id":"https://proreilumpiyhteiskunta.fi/sv/information-om-foreningen/#breadcrumb"},"inLanguage":"sv-SE","potentialAction":[{"@type":"ReadAction","target":["https://proreilumpiyhteiskunta.fi/sv/information-om-foreningen/"]}]},{"@type":"BreadcrumbList","@id":"https://proreilumpiyhteiskunta.fi/sv/information-om-foreningen/#breadcrumb","itemListElement":[{"@type":"ListItem","position":1,"name":"Home","item":"https://proreilumpiyhteiskunta.fi/sv/"},{"@type":"ListItem","position":2,"name":"Information om föreningen"}]},{"@type":"WebSite","@id":"https://proreilumpiyhteiskunta.fi/#website","url":"https://proreilumpiyhteiskunta.fi/","name":"Pro Rättvisare Samhälle","description":"Pro Rättvisare Samhälle","potentialAction":[{"@type":"SearchAction","target":{"@type":"EntryPoint","urlTemplate":"https://proreilumpiyhteiskunta.fi/?s={search_term_string}"},"query-input":"required name=search_term_string"}],"inLanguage":"sv-SE"}]}</script>
<!-- / Yoast SEO plugin. -->

Information om föreningen - Pro Rättvisare Samhälle

Pro Rättvisare Samhälle
