{"id":251,"date":"2022-11-03T14:15:53","date_gmt":"2022-11-03T12:15:53","guid":{"rendered":"https:\/\/proreilumpiyhteiskunta.fi\/?page_id=251"},"modified":"2023-03-22T16:11:50","modified_gmt":"2023-03-22T14:11:50","slug":"stodets-mottagare","status":"publish","type":"page","link":"https:\/\/proreilumpiyhteiskunta.fi\/sv\/stodets-mottagare\/","title":{"rendered":"St\u00f6dets mottagare"},"content":{"rendered":"\n<section id=\"acf-block-69f3e0787df3a\" class=\"block block-content-wrapper container-fluid \">\n    <div class=\"container\">\n        <div class=\"row\">\n            <div class=\"col-12 col-lg-8 offset-lg-2 col-hd-6 offset-hd-3\">\n                <main class=\"entry-content\">\n                    <div class=\"acf-innerblocks-container\">\n\n<p>Pro r\u00e4ttvisare samh\u00e4lle rf har beviljat 632 355 euro i valbidrag till kandidater i riksdagsvalet 2023. 214 personer fick bidrag. F\u00f6reningen st\u00f6der inte partier eller partiernas lokal-, regional- eller distriktsorganisationer eller andra motsvarande instanser.<\/p>\n\n\n\n<p>Av bidragsmottagarna<\/p>\n\n\n\n<li>96 (45 %) h\u00f6r enligt den yrkestitel eller st\u00e4llning som de har uppgett till den s.k. arbetstagarbefolkningen<\/li>\n\n\n\n<li>106 (50 %) kan antas vara kvinnor<\/li>\n\n\n\n<li>108 (50 %) kan antas vara m\u00e4n<\/li>\n\n\n\n<li>53 (25 %) \u00e4r 35 \u00e5r eller yngre<\/li>\n\n\n\n<p><\/p>\n\n\n\n<p>Bidragssumman \u00e4r i genomsnitt 2 955 euro.<\/p>\n\n\n\n<p><a href=\"https:\/\/proreilumpiyhteiskunta.fi\/tukea-saaneet\/\">Valbidrag som Pro r\u00e4ttvisare samh\u00e4lle har beviljat kandidater i riksdagsvalet 2023<\/a> (p\u00e5 finska).<\/p>\n\n<\/div>\n                <\/main>\n            <\/div>\n        <\/div>\n    <\/div>\n<\/section>","protected":false},"excerpt":{"rendered":"","protected":false},"author":2,"featured_media":0,"parent":0,"menu_order":0,"comment_status":"closed","ping_status":"closed","template":"","meta":{"footnotes":""},"class_list":["post-251","page","type-page","status-publish","hentry"],"acf":[],"yoast_head":"<!-- This site is optimized with the Yoast SEO plugin v23.3 - https:\/\/yoast.com\/wordpress\/plugins\/seo\/ -->\n<title>St\u00f6dets mottagare - Pro R\u00e4ttvisare Samh\u00e4lle<\/title>\n<meta name=\"description\" content=\"P\u00e5 denna sida publicerar vi de kandidater som f\u00e5tt st\u00f6d till riksdagsvalet 2023 av f\u00f6reningen Pro r\u00e4ttvisare samh\u00e4lle senast den 16 april 2023.\" \/>\n<meta name=\"robots\" content=\"index, follow, max-snippet:-1, max-image-preview:large, max-video-preview:-1\" \/>\n<link rel=\"canonical\" href=\"https:\/\/proreilumpiyhteiskunta.fi\/sv\/stodets-mottagare\/\" \/>\n<meta property=\"og:locale\" content=\"sv_SE\" \/>\n<meta property=\"og:type\" content=\"article\" \/>\n<meta property=\"og:title\" content=\"St\u00f6dets mottagare - Pro R\u00e4ttvisare Samh\u00e4lle\" \/>\n<meta property=\"og:description\" content=\"P\u00e5 denna sida publicerar vi de kandidater som f\u00e5tt st\u00f6d till riksdagsvalet 2023 av f\u00f6reningen Pro r\u00e4ttvisare samh\u00e4lle senast den 16 april 2023.\" \/>\n<meta property=\"og:url\" content=\"https:\/\/proreilumpiyhteiskunta.fi\/sv\/stodets-mottagare\/\" \/>\n<meta property=\"og:site_name\" content=\"Pro R\u00e4ttvisare Samh\u00e4lle\" \/>\n<meta property=\"article:modified_time\" content=\"2023-03-22T14:11:50+00:00\" \/>\n<meta property=\"og:image\" content=\"https:\/\/proreilumpiyhteiskunta.fi\/wp-content\/uploads\/2022\/12\/pro-reilumpi-yhteiskunta-social-share-1600x900-1.jpg\" \/>\n\t<meta property=\"og:image:width\" content=\"1600\" \/>\n\t<meta property=\"og:image:height\" content=\"900\" \/>\n\t<meta property=\"og:image:type\" content=\"image\/jpeg\" \/>\n<meta name=\"twitter:card\" content=\"summary_large_image\" \/>\n<meta name=\"twitter:image\" content=\"https:\/\/proreilumpiyhteiskunta.fi\/wp-content\/uploads\/2022\/12\/pro-reilumpi-yhteiskunta-social-share-1600x900-1.jpg\" \/>\n<meta name=\"twitter:label1\" content=\"Ber\u00e4knad l\u00e4stid\" \/>\n\t<meta name=\"twitter:data1\" content=\"1 minut\" \/>\n<script type=\"application\/ld+json\" class=\"yoast-schema-graph\">{\"@context\":\"https:\/\/schema.org\",\"@graph\":[{\"@type\":\"WebPage\",\"@id\":\"https:\/\/proreilumpiyhteiskunta.fi\/sv\/stodets-mottagare\/\",\"url\":\"https:\/\/proreilumpiyhteiskunta.fi\/sv\/stodets-mottagare\/\",\"name\":\"St\u00f6dets mottagare - Pro R\u00e4ttvisare Samh\u00e4lle\",\"isPartOf\":{\"@id\":\"https:\/\/proreilumpiyhteiskunta.fi\/#website\"},\"datePublished\":\"2022-11-03T12:15:53+00:00\",\"dateModified\":\"2023-03-22T14:11:50+00:00\",\"description\":\"P\u00e5 denna sida publicerar vi de kandidater som f\u00e5tt st\u00f6d till riksdagsvalet 2023 av f\u00f6reningen Pro r\u00e4ttvisare samh\u00e4lle senast den 16 april 2023.\",\"breadcrumb\":{\"@id\":\"https:\/\/proreilumpiyhteiskunta.fi\/sv\/stodets-mottagare\/#breadcrumb\"},\"inLanguage\":\"sv-SE\",\"potentialAction\":[{\"@type\":\"ReadAction\",\"target\":[\"https:\/\/proreilumpiyhteiskunta.fi\/sv\/stodets-mottagare\/\"]}]},{\"@type\":\"BreadcrumbList\",\"@id\":\"https:\/\/proreilumpiyhteiskunta.fi\/sv\/stodets-mottagare\/#breadcrumb\",\"itemListElement\":[{\"@type\":\"ListItem\",\"position\":1,\"name\":\"Home\",\"item\":\"https:\/\/proreilumpiyhteiskunta.fi\/sv\/\"},{\"@type\":\"ListItem\",\"position\":2,\"name\":\"St\u00f6dets mottagare\"}]},{\"@type\":\"WebSite\",\"@id\":\"https:\/\/proreilumpiyhteiskunta.fi\/#website\",\"url\":\"https:\/\/proreilumpiyhteiskunta.fi\/\",\"name\":\"Pro R\u00e4ttvisare Samh\u00e4lle\",\"description\":\"Pro R\u00e4ttvisare Samh\u00e4lle\",\"potentialAction\":[{\"@type\":\"SearchAction\",\"target\":{\"@type\":\"EntryPoint\",\"urlTemplate\":\"https:\/\/proreilumpiyhteiskunta.fi\/?s={search_term_string}\"},\"query-input\":\"required name=search_term_string\"}],\"inLanguage\":\"sv-SE\"}]}<\/script>\n<!-- \/ Yoast SEO plugin. -->","yoast_head_json":{"title":"St\u00f6dets mottagare - Pro R\u00e4ttvisare Samh\u00e4lle","description":"P\u00e5 denna sida publicerar vi de kandidater som f\u00e5tt st\u00f6d till riksdagsvalet 2023 av f\u00f6reningen Pro r\u00e4ttvisare samh\u00e4lle senast den 16 april 2023.","robots":{"index":"index","follow":"follow","max-snippet":"max-snippet:-1","max-image-preview":"max-image-preview:large","max-video-preview":"max-video-preview:-1"},"canonical":"https:\/\/proreilumpiyhteiskunta.fi\/sv\/stodets-mottagare\/","og_locale":"sv_SE","og_type":"article","og_title":"St\u00f6dets mottagare - Pro R\u00e4ttvisare Samh\u00e4lle","og_description":"P\u00e5 denna sida publicerar vi de kandidater som f\u00e5tt st\u00f6d till riksdagsvalet 2023 av f\u00f6reningen Pro r\u00e4ttvisare samh\u00e4lle senast den 16 april 2023.","og_url":"https:\/\/proreilumpiyhteiskunta.fi\/sv\/stodets-mottagare\/","og_site_name":"Pro R\u00e4ttvisare Samh\u00e4lle","article_modified_time":"2023-03-22T14:11:50+00:00","og_image":[{"width":1600,"height":900,"url":"https:\/\/proreilumpiyhteiskunta.fi\/wp-content\/uploads\/2022\/12\/pro-reilumpi-yhteiskunta-social-share-1600x900-1.jpg","type":"image\/jpeg"}],"twitter_card":"summary_large_image","twitter_image":"https:\/\/proreilumpiyhteiskunta.fi\/wp-content\/uploads\/2022\/12\/pro-reilumpi-yhteiskunta-social-share-1600x900-1.jpg","twitter_misc":{"Ber\u00e4knad l\u00e4stid":"1 minut"},"schema":{"@context":"https:\/\/schema.org","@graph":[{"@type":"WebPage","@id":"https:\/\/proreilumpiyhteiskunta.fi\/sv\/stodets-mottagare\/","url":"https:\/\/proreilumpiyhteiskunta.fi\/sv\/stodets-mottagare\/","name":"St\u00f6dets mottagare - Pro R\u00e4ttvisare Samh\u00e4lle","isPartOf":{"@id":"https:\/\/proreilumpiyhteiskunta.fi\/#website"},"datePublished":"2022-11-03T12:15:53+00:00","dateModified":"2023-03-22T14:11:50+00:00","description":"P\u00e5 denna sida publicerar vi de kandidater som f\u00e5tt st\u00f6d till riksdagsvalet 2023 av f\u00f6reningen Pro r\u00e4ttvisare samh\u00e4lle senast den 16 april 2023.","breadcrumb":{"@id":"https:\/\/proreilumpiyhteiskunta.fi\/sv\/stodets-mottagare\/#breadcrumb"},"inLanguage":"sv-SE","potentialAction":[{"@type":"ReadAction","target":["https:\/\/proreilumpiyhteiskunta.fi\/sv\/stodets-mottagare\/"]}]},{"@type":"BreadcrumbList","@id":"https:\/\/proreilumpiyhteiskunta.fi\/sv\/stodets-mottagare\/#breadcrumb","itemListElement":[{"@type":"ListItem","position":1,"name":"Home","item":"https:\/\/proreilumpiyhteiskunta.fi\/sv\/"},{"@type":"ListItem","position":2,"name":"St\u00f6dets mottagare"}]},{"@type":"WebSite","@id":"https:\/\/proreilumpiyhteiskunta.fi\/#website","url":"https:\/\/proreilumpiyhteiskunta.fi\/","name":"Pro R\u00e4ttvisare Samh\u00e4lle","description":"Pro R\u00e4ttvisare Samh\u00e4lle","potentialAction":[{"@type":"SearchAction","target":{"@type":"EntryPoint","urlTemplate":"https:\/\/proreilumpiyhteiskunta.fi\/?s={search_term_string}"},"query-input":"required name=search_term_string"}],"inLanguage":"sv-SE"}]}},"_links":{"self":[{"href":"https:\/\/proreilumpiyhteiskunta.fi\/sv\/wp-json\/wp\/v2\/pages\/251","targetHints":{"allow":["GET"]}}],"collection":[{"href":"https:\/\/proreilumpiyhteiskunta.fi\/sv\/wp-json\/wp\/v2\/pages"}],"about":[{"href":"https:\/\/proreilumpiyhteiskunta.fi\/sv\/wp-json\/wp\/v2\/types\/page"}],"author":[{"embeddable":true,"href":"https:\/\/proreilumpiyhteiskunta.fi\/sv\/wp-json\/wp\/v2\/users\/2"}],"replies":[{"embeddable":true,"href":"https:\/\/proreilumpiyhteiskunta.fi\/sv\/wp-json\/wp\/v2\/comments?post=251"}],"version-history":[{"count":15,"href":"https:\/\/proreilumpiyhteiskunta.fi\/sv\/wp-json\/wp\/v2\/pages\/251\/revisions"}],"predecessor-version":[{"id":425,"href":"https:\/\/proreilumpiyhteiskunta.fi\/sv\/wp-json\/wp\/v2\/pages\/251\/revisions\/425"}],"wp:attachment":[{"href":"https:\/\/proreilumpiyhteiskunta.fi\/sv\/wp-json\/wp\/v2\/media?parent=251"}],"curies":[{"name":"wp","href":"https:\/\/api.w.org\/{rel}","templated":true}]}}

Stödets mottagare

<section id="acf-block-69f3e0787df3a" class="block block-content-wrapper container-fluid ">
    <div class="container">
        <div class="row">
            <div class="col-12 col-lg-8 offset-lg-2 col-hd-6 offset-hd-3">
                <main class="entry-content">
                    <div class="acf-innerblocks-container">

<p>Pro rättvisare samhälle rf har beviljat 632 355 euro i valbidrag till kandidater i riksdagsvalet 2023. 214 personer fick bidrag. Föreningen stöder inte partier eller partiernas lokal-, regional- eller distriktsorganisationer eller andra motsvarande instanser.</p>



<p>Av bidragsmottagarna</p>



<li>96 (45 %) hör enligt den yrkestitel eller ställning som de har uppgett till den s.k. arbetstagarbefolkningen</li>



<li>106 (50 %) kan antas vara kvinnor</li>



<li>108 (50 %) kan antas vara män</li>



<li>53 (25 %) är 35 år eller yngre</li>



<p></p>



<p>Bidragssumman är i genomsnitt 2 955 euro.</p>



<p><a href="https://proreilumpiyhteiskunta.fi/tukea-saaneet/">Valbidrag som Pro rättvisare samhälle har beviljat kandidater i riksdagsvalet 2023</a> (på finska).</p>

</div>
                </main>
            </div>
        </div>
    </div>
</section>

<!-- This site is optimized with the Yoast SEO plugin v23.3 - https://yoast.com/wordpress/plugins/seo/ -->
<title>Stödets mottagare - Pro Rättvisare Samhälle</title>
<meta name="description" content="På denna sida publicerar vi de kandidater som fått stöd till riksdagsvalet 2023 av föreningen Pro rättvisare samhälle senast den 16 april 2023." />
<meta name="robots" content="index, follow, max-snippet:-1, max-image-preview:large, max-video-preview:-1" />
<link rel="canonical" href="https://proreilumpiyhteiskunta.fi/sv/stodets-mottagare/" />
<meta property="og:locale" content="sv_SE" />
<meta property="og:type" content="article" />
<meta property="og:title" content="Stödets mottagare - Pro Rättvisare Samhälle" />
<meta property="og:description" content="På denna sida publicerar vi de kandidater som fått stöd till riksdagsvalet 2023 av föreningen Pro rättvisare samhälle senast den 16 april 2023." />
<meta property="og:url" content="https://proreilumpiyhteiskunta.fi/sv/stodets-mottagare/" />
<meta property="og:site_name" content="Pro Rättvisare Samhälle" />
<meta property="article:modified_time" content="2023-03-22T14:11:50+00:00" />
<meta property="og:image" content="https://proreilumpiyhteiskunta.fi/wp-content/uploads/2022/12/pro-reilumpi-yhteiskunta-social-share-1600x900-1.jpg" />
	<meta property="og:image:width" content="1600" />
	<meta property="og:image:height" content="900" />
	<meta property="og:image:type" content="image/jpeg" />
<meta name="twitter:card" content="summary_large_image" />
<meta name="twitter:image" content="https://proreilumpiyhteiskunta.fi/wp-content/uploads/2022/12/pro-reilumpi-yhteiskunta-social-share-1600x900-1.jpg" />
<meta name="twitter:label1" content="Beräknad lästid" />
	<meta name="twitter:data1" content="1 minut" />
<script type="application/ld+json" class="yoast-schema-graph">{"@context":"https://schema.org","@graph":[{"@type":"WebPage","@id":"https://proreilumpiyhteiskunta.fi/sv/stodets-mottagare/","url":"https://proreilumpiyhteiskunta.fi/sv/stodets-mottagare/","name":"Stödets mottagare - Pro Rättvisare Samhälle","isPartOf":{"@id":"https://proreilumpiyhteiskunta.fi/#website"},"datePublished":"2022-11-03T12:15:53+00:00","dateModified":"2023-03-22T14:11:50+00:00","description":"På denna sida publicerar vi de kandidater som fått stöd till riksdagsvalet 2023 av föreningen Pro rättvisare samhälle senast den 16 april 2023.","breadcrumb":{"@id":"https://proreilumpiyhteiskunta.fi/sv/stodets-mottagare/#breadcrumb"},"inLanguage":"sv-SE","potentialAction":[{"@type":"ReadAction","target":["https://proreilumpiyhteiskunta.fi/sv/stodets-mottagare/"]}]},{"@type":"BreadcrumbList","@id":"https://proreilumpiyhteiskunta.fi/sv/stodets-mottagare/#breadcrumb","itemListElement":[{"@type":"ListItem","position":1,"name":"Home","item":"https://proreilumpiyhteiskunta.fi/sv/"},{"@type":"ListItem","position":2,"name":"Stödets mottagare"}]},{"@type":"WebSite","@id":"https://proreilumpiyhteiskunta.fi/#website","url":"https://proreilumpiyhteiskunta.fi/","name":"Pro Rättvisare Samhälle","description":"Pro Rättvisare Samhälle","potentialAction":[{"@type":"SearchAction","target":{"@type":"EntryPoint","urlTemplate":"https://proreilumpiyhteiskunta.fi/?s={search_term_string}"},"query-input":"required name=search_term_string"}],"inLanguage":"sv-SE"}]}</script>
<!-- / Yoast SEO plugin. -->

Stödets mottagare - Pro Rättvisare Samhälle

På denna sida publicerar vi de kandidater som fått stöd till riksdagsvalet 2023 av föreningen Pro rättvisare samhälle senast den 16 april 2023.

Pro Rättvisare Samhälle
