{"id":229,"date":"2022-11-07T12:49:40","date_gmt":"2022-11-07T10:49:40","guid":{"rendered":"https:\/\/proreilumpiyhteiskunta.fi\/?page_id=229"},"modified":"2023-03-06T07:59:14","modified_gmt":"2023-03-06T05:59:14","slug":"sok-finansiering-for-ditt-valarbete","status":"publish","type":"page","link":"https:\/\/proreilumpiyhteiskunta.fi\/sv\/sok-finansiering-for-ditt-valarbete\/","title":{"rendered":"S\u00f6k finansiering f\u00f6r ditt valarbete"},"content":{"rendered":"\n<section id=\"acf-block-69f48fef8c195\" class=\"block block-content-wrapper container-fluid \">\n    <div class=\"container\">\n        <div class=\"row\">\n            <div class=\"col-12 col-lg-8 offset-lg-2 col-hd-6 offset-hd-3\">\n                <main class=\"entry-content\">\n                    <div class=\"acf-innerblocks-container\">\n\n<p>F\u00f6reningen Pro r\u00e4ttvisare samh\u00e4lle har avslutat den andra ans\u00f6kningsomg\u00e5ngen f\u00f6r kandidater i riksdagsvalet 2023 p\u00e5 s\u00f6ndag 5.3.2023.<\/p>\n\n\n\n<h3 class=\"wp-block-heading\">Vem kan ans\u00f6ka om finansiering?<\/h3>\n\n\n\n<p>F\u00f6reningen Pro r\u00e4ttvisare samh\u00e4lle beviljar underst\u00f6d till kandidater som delar f\u00f6reningens m\u00e5l:<\/p>\n\n\n\n<ul class=\"wp-block-list\">\n<li>att fr\u00e4mja ett r\u00e4ttvist arbetsliv<\/li>\n\n\n\n<li>att st\u00f6dja v\u00e4lf\u00e4rds- och avtalssamh\u00e4llet<\/li>\n\n\n\n<li>att fr\u00e4mja en verksamhetsmilj\u00f6 d\u00e4r konkurrensf\u00f6rdelar inte kan uppn\u00e5s genom \u00f6vertr\u00e4delse av reglerna.<\/li>\n<\/ul>\n\n\n\n<p>St\u00f6d beviljas inte till partier eller partif\u00f6reningar.<\/p>\n\n\n\n<h3 class=\"wp-block-heading\">Ans\u00f6kan om st\u00f6d<\/h3>\n\n\n\n<p>F\u00f6reningen beviljar bidrag till enskilda valkandidater. Ans\u00f6kan sker via l\u00e4nken som ska finnas p\u00e5 denna sida.<\/p>\n\n\n\n<p>Ans\u00f6kningsblanketterna f\u00f6rmedlas till f\u00f6reningen via en skyddad n\u00e4tf\u00f6rbindelse. F\u00f6reningen behandlar personuppgifter som f\u00f6rmedlas via blanketter p\u00e5 ett datas\u00e4kert s\u00e4tt och p\u00e5 det s\u00e4tt som lagstiftningen f\u00f6ruts\u00e4tter.<\/p>\n\n\n\n<div class=\"wp-block-columns are-vertically-aligned-center is-layout-flex wp-container-core-columns-is-layout-9d6595d7 wp-block-columns-is-layout-flex\">\n<div class=\"wp-block-column is-vertically-aligned-center is-content-justification-left is-layout-constrained wp-container-core-column-is-layout-8c890d92 wp-block-column-is-layout-constrained\">\n<div class=\"wp-block-button\"><a class=\"wp-block-button__link wp-element-button\">Ans\u00f6kningstiden \u00e4r slut<\/a><\/div>\n<\/div>\n\n\n\n<div class=\"wp-block-column is-vertically-aligned-center is-layout-flow wp-block-column-is-layout-flow\">\n<p class=\"is-style-bigger\"><a href=\"https:\/\/proreilumpiyhteiskunta.fi\/sv\/dataskyddsbeskrivning\/\">Bekanta dig med dataskyddsbeskrivningen<\/a><\/p>\n<\/div>\n<\/div>\n\n<\/div>\n                <\/main>\n            <\/div>\n        <\/div>\n    <\/div>\n<\/section>","protected":false},"excerpt":{"rendered":"","protected":false},"author":2,"featured_media":0,"parent":0,"menu_order":0,"comment_status":"closed","ping_status":"closed","template":"","meta":{"footnotes":""},"class_list":["post-229","page","type-page","status-publish","hentry"],"acf":[],"yoast_head":"<!-- This site is optimized with the Yoast SEO plugin v23.3 - https:\/\/yoast.com\/wordpress\/plugins\/seo\/ -->\n<title>S\u00f6k finansiering f\u00f6r ditt valarbete - Pro R\u00e4ttvisare Samh\u00e4lle<\/title>\n<meta name=\"description\" content=\"F\u00f6reningen Pro r\u00e4ttvisare samh\u00e4lle beviljar underst\u00f6d till kandidater som delar f\u00f6reningens m\u00e5l\" \/>\n<meta name=\"robots\" content=\"index, follow, max-snippet:-1, max-image-preview:large, max-video-preview:-1\" \/>\n<link rel=\"canonical\" href=\"https:\/\/proreilumpiyhteiskunta.fi\/sv\/sok-finansiering-for-ditt-valarbete\/\" \/>\n<meta property=\"og:locale\" content=\"sv_SE\" \/>\n<meta property=\"og:type\" content=\"article\" \/>\n<meta property=\"og:title\" content=\"S\u00f6k finansiering f\u00f6r ditt valarbete - Pro R\u00e4ttvisare Samh\u00e4lle\" \/>\n<meta property=\"og:description\" content=\"F\u00f6reningen Pro r\u00e4ttvisare samh\u00e4lle beviljar underst\u00f6d till kandidater som delar f\u00f6reningens m\u00e5l\" \/>\n<meta property=\"og:url\" content=\"https:\/\/proreilumpiyhteiskunta.fi\/sv\/sok-finansiering-for-ditt-valarbete\/\" \/>\n<meta property=\"og:site_name\" content=\"Pro R\u00e4ttvisare Samh\u00e4lle\" \/>\n<meta property=\"article:modified_time\" content=\"2023-03-06T05:59:14+00:00\" \/>\n<meta property=\"og:image\" content=\"https:\/\/proreilumpiyhteiskunta.fi\/wp-content\/uploads\/2022\/12\/pro-reilumpi-yhteiskunta-social-share-1600x900-1.jpg\" \/>\n\t<meta property=\"og:image:width\" content=\"1600\" \/>\n\t<meta property=\"og:image:height\" content=\"900\" \/>\n\t<meta property=\"og:image:type\" content=\"image\/jpeg\" \/>\n<meta name=\"twitter:card\" content=\"summary_large_image\" \/>\n<meta name=\"twitter:image\" content=\"https:\/\/proreilumpiyhteiskunta.fi\/wp-content\/uploads\/2022\/12\/pro-reilumpi-yhteiskunta-social-share-1600x900-1.jpg\" \/>\n<meta name=\"twitter:label1\" content=\"Ber\u00e4knad l\u00e4stid\" \/>\n\t<meta name=\"twitter:data1\" content=\"1 minut\" \/>\n<script type=\"application\/ld+json\" class=\"yoast-schema-graph\">{\"@context\":\"https:\/\/schema.org\",\"@graph\":[{\"@type\":\"WebPage\",\"@id\":\"https:\/\/proreilumpiyhteiskunta.fi\/sv\/sok-finansiering-for-ditt-valarbete\/\",\"url\":\"https:\/\/proreilumpiyhteiskunta.fi\/sv\/sok-finansiering-for-ditt-valarbete\/\",\"name\":\"S\u00f6k finansiering f\u00f6r ditt valarbete - Pro R\u00e4ttvisare Samh\u00e4lle\",\"isPartOf\":{\"@id\":\"https:\/\/proreilumpiyhteiskunta.fi\/#website\"},\"datePublished\":\"2022-11-07T10:49:40+00:00\",\"dateModified\":\"2023-03-06T05:59:14+00:00\",\"description\":\"F\u00f6reningen Pro r\u00e4ttvisare samh\u00e4lle beviljar underst\u00f6d till kandidater som delar f\u00f6reningens m\u00e5l\",\"breadcrumb\":{\"@id\":\"https:\/\/proreilumpiyhteiskunta.fi\/sv\/sok-finansiering-for-ditt-valarbete\/#breadcrumb\"},\"inLanguage\":\"sv-SE\",\"potentialAction\":[{\"@type\":\"ReadAction\",\"target\":[\"https:\/\/proreilumpiyhteiskunta.fi\/sv\/sok-finansiering-for-ditt-valarbete\/\"]}]},{\"@type\":\"BreadcrumbList\",\"@id\":\"https:\/\/proreilumpiyhteiskunta.fi\/sv\/sok-finansiering-for-ditt-valarbete\/#breadcrumb\",\"itemListElement\":[{\"@type\":\"ListItem\",\"position\":1,\"name\":\"Home\",\"item\":\"https:\/\/proreilumpiyhteiskunta.fi\/sv\/\"},{\"@type\":\"ListItem\",\"position\":2,\"name\":\"S\u00f6k finansiering f\u00f6r ditt valarbete\"}]},{\"@type\":\"WebSite\",\"@id\":\"https:\/\/proreilumpiyhteiskunta.fi\/#website\",\"url\":\"https:\/\/proreilumpiyhteiskunta.fi\/\",\"name\":\"Pro R\u00e4ttvisare Samh\u00e4lle\",\"description\":\"Pro R\u00e4ttvisare Samh\u00e4lle\",\"potentialAction\":[{\"@type\":\"SearchAction\",\"target\":{\"@type\":\"EntryPoint\",\"urlTemplate\":\"https:\/\/proreilumpiyhteiskunta.fi\/?s={search_term_string}\"},\"query-input\":\"required name=search_term_string\"}],\"inLanguage\":\"sv-SE\"}]}<\/script>\n<!-- \/ Yoast SEO plugin. -->","yoast_head_json":{"title":"S\u00f6k finansiering f\u00f6r ditt valarbete - Pro R\u00e4ttvisare Samh\u00e4lle","description":"F\u00f6reningen Pro r\u00e4ttvisare samh\u00e4lle beviljar underst\u00f6d till kandidater som delar f\u00f6reningens m\u00e5l","robots":{"index":"index","follow":"follow","max-snippet":"max-snippet:-1","max-image-preview":"max-image-preview:large","max-video-preview":"max-video-preview:-1"},"canonical":"https:\/\/proreilumpiyhteiskunta.fi\/sv\/sok-finansiering-for-ditt-valarbete\/","og_locale":"sv_SE","og_type":"article","og_title":"S\u00f6k finansiering f\u00f6r ditt valarbete - Pro R\u00e4ttvisare Samh\u00e4lle","og_description":"F\u00f6reningen Pro r\u00e4ttvisare samh\u00e4lle beviljar underst\u00f6d till kandidater som delar f\u00f6reningens m\u00e5l","og_url":"https:\/\/proreilumpiyhteiskunta.fi\/sv\/sok-finansiering-for-ditt-valarbete\/","og_site_name":"Pro R\u00e4ttvisare Samh\u00e4lle","article_modified_time":"2023-03-06T05:59:14+00:00","og_image":[{"width":1600,"height":900,"url":"https:\/\/proreilumpiyhteiskunta.fi\/wp-content\/uploads\/2022\/12\/pro-reilumpi-yhteiskunta-social-share-1600x900-1.jpg","type":"image\/jpeg"}],"twitter_card":"summary_large_image","twitter_image":"https:\/\/proreilumpiyhteiskunta.fi\/wp-content\/uploads\/2022\/12\/pro-reilumpi-yhteiskunta-social-share-1600x900-1.jpg","twitter_misc":{"Ber\u00e4knad l\u00e4stid":"1 minut"},"schema":{"@context":"https:\/\/schema.org","@graph":[{"@type":"WebPage","@id":"https:\/\/proreilumpiyhteiskunta.fi\/sv\/sok-finansiering-for-ditt-valarbete\/","url":"https:\/\/proreilumpiyhteiskunta.fi\/sv\/sok-finansiering-for-ditt-valarbete\/","name":"S\u00f6k finansiering f\u00f6r ditt valarbete - Pro R\u00e4ttvisare Samh\u00e4lle","isPartOf":{"@id":"https:\/\/proreilumpiyhteiskunta.fi\/#website"},"datePublished":"2022-11-07T10:49:40+00:00","dateModified":"2023-03-06T05:59:14+00:00","description":"F\u00f6reningen Pro r\u00e4ttvisare samh\u00e4lle beviljar underst\u00f6d till kandidater som delar f\u00f6reningens m\u00e5l","breadcrumb":{"@id":"https:\/\/proreilumpiyhteiskunta.fi\/sv\/sok-finansiering-for-ditt-valarbete\/#breadcrumb"},"inLanguage":"sv-SE","potentialAction":[{"@type":"ReadAction","target":["https:\/\/proreilumpiyhteiskunta.fi\/sv\/sok-finansiering-for-ditt-valarbete\/"]}]},{"@type":"BreadcrumbList","@id":"https:\/\/proreilumpiyhteiskunta.fi\/sv\/sok-finansiering-for-ditt-valarbete\/#breadcrumb","itemListElement":[{"@type":"ListItem","position":1,"name":"Home","item":"https:\/\/proreilumpiyhteiskunta.fi\/sv\/"},{"@type":"ListItem","position":2,"name":"S\u00f6k finansiering f\u00f6r ditt valarbete"}]},{"@type":"WebSite","@id":"https:\/\/proreilumpiyhteiskunta.fi\/#website","url":"https:\/\/proreilumpiyhteiskunta.fi\/","name":"Pro R\u00e4ttvisare Samh\u00e4lle","description":"Pro R\u00e4ttvisare Samh\u00e4lle","potentialAction":[{"@type":"SearchAction","target":{"@type":"EntryPoint","urlTemplate":"https:\/\/proreilumpiyhteiskunta.fi\/?s={search_term_string}"},"query-input":"required name=search_term_string"}],"inLanguage":"sv-SE"}]}},"_links":{"self":[{"href":"https:\/\/proreilumpiyhteiskunta.fi\/sv\/wp-json\/wp\/v2\/pages\/229","targetHints":{"allow":["GET"]}}],"collection":[{"href":"https:\/\/proreilumpiyhteiskunta.fi\/sv\/wp-json\/wp\/v2\/pages"}],"about":[{"href":"https:\/\/proreilumpiyhteiskunta.fi\/sv\/wp-json\/wp\/v2\/types\/page"}],"author":[{"embeddable":true,"href":"https:\/\/proreilumpiyhteiskunta.fi\/sv\/wp-json\/wp\/v2\/users\/2"}],"replies":[{"embeddable":true,"href":"https:\/\/proreilumpiyhteiskunta.fi\/sv\/wp-json\/wp\/v2\/comments?post=229"}],"version-history":[{"count":15,"href":"https:\/\/proreilumpiyhteiskunta.fi\/sv\/wp-json\/wp\/v2\/pages\/229\/revisions"}],"predecessor-version":[{"id":417,"href":"https:\/\/proreilumpiyhteiskunta.fi\/sv\/wp-json\/wp\/v2\/pages\/229\/revisions\/417"}],"wp:attachment":[{"href":"https:\/\/proreilumpiyhteiskunta.fi\/sv\/wp-json\/wp\/v2\/media?parent=229"}],"curies":[{"name":"wp","href":"https:\/\/api.w.org\/{rel}","templated":true}]}}

Sök finansiering för ditt valarbete

<section id="acf-block-69f48fef8c195" class="block block-content-wrapper container-fluid ">
    <div class="container">
        <div class="row">
            <div class="col-12 col-lg-8 offset-lg-2 col-hd-6 offset-hd-3">
                <main class="entry-content">
                    <div class="acf-innerblocks-container">

<p>Föreningen Pro rättvisare samhälle har avslutat den andra ansökningsomgången för kandidater i riksdagsvalet 2023 på söndag 5.3.2023.</p>



<h3 class="wp-block-heading">Vem kan ansöka om finansiering?</h3>



<p>Föreningen Pro rättvisare samhälle beviljar understöd till kandidater som delar föreningens mål:</p>



<ul class="wp-block-list">
<li>att främja ett rättvist arbetsliv</li>



<li>att stödja välfärds- och avtalssamhället</li>



<li>att främja en verksamhetsmiljö där konkurrensfördelar inte kan uppnås genom överträdelse av reglerna.</li>
</ul>



<p>Stöd beviljas inte till partier eller partiföreningar.</p>



<h3 class="wp-block-heading">Ansökan om stöd</h3>



<p>Föreningen beviljar bidrag till enskilda valkandidater. Ansökan sker via länken som ska finnas på denna sida.</p>



<p>Ansökningsblanketterna förmedlas till föreningen via en skyddad nätförbindelse. Föreningen behandlar personuppgifter som förmedlas via blanketter på ett datasäkert sätt och på det sätt som lagstiftningen förutsätter.</p>



<div class="wp-block-columns are-vertically-aligned-center is-layout-flex wp-container-core-columns-is-layout-9d6595d7 wp-block-columns-is-layout-flex">
<div class="wp-block-column is-vertically-aligned-center is-content-justification-left is-layout-constrained wp-container-core-column-is-layout-8c890d92 wp-block-column-is-layout-constrained">
<div class="wp-block-button"><a class="wp-block-button__link wp-element-button">Ansökningstiden är slut</a></div>
</div>



<div class="wp-block-column is-vertically-aligned-center is-layout-flow wp-block-column-is-layout-flow">
<p class="is-style-bigger"><a href="https://proreilumpiyhteiskunta.fi/sv/dataskyddsbeskrivning/">Bekanta dig med dataskyddsbeskrivningen</a></p>
</div>
</div>

</div>
                </main>
            </div>
        </div>
    </div>
</section>

<!-- This site is optimized with the Yoast SEO plugin v23.3 - https://yoast.com/wordpress/plugins/seo/ -->
<title>Sök finansiering för ditt valarbete - Pro Rättvisare Samhälle</title>
<meta name="description" content="Föreningen Pro rättvisare samhälle beviljar understöd till kandidater som delar föreningens mål" />
<meta name="robots" content="index, follow, max-snippet:-1, max-image-preview:large, max-video-preview:-1" />
<link rel="canonical" href="https://proreilumpiyhteiskunta.fi/sv/sok-finansiering-for-ditt-valarbete/" />
<meta property="og:locale" content="sv_SE" />
<meta property="og:type" content="article" />
<meta property="og:title" content="Sök finansiering för ditt valarbete - Pro Rättvisare Samhälle" />
<meta property="og:description" content="Föreningen Pro rättvisare samhälle beviljar understöd till kandidater som delar föreningens mål" />
<meta property="og:url" content="https://proreilumpiyhteiskunta.fi/sv/sok-finansiering-for-ditt-valarbete/" />
<meta property="og:site_name" content="Pro Rättvisare Samhälle" />
<meta property="article:modified_time" content="2023-03-06T05:59:14+00:00" />
<meta property="og:image" content="https://proreilumpiyhteiskunta.fi/wp-content/uploads/2022/12/pro-reilumpi-yhteiskunta-social-share-1600x900-1.jpg" />
	<meta property="og:image:width" content="1600" />
	<meta property="og:image:height" content="900" />
	<meta property="og:image:type" content="image/jpeg" />
<meta name="twitter:card" content="summary_large_image" />
<meta name="twitter:image" content="https://proreilumpiyhteiskunta.fi/wp-content/uploads/2022/12/pro-reilumpi-yhteiskunta-social-share-1600x900-1.jpg" />
<meta name="twitter:label1" content="Beräknad lästid" />
	<meta name="twitter:data1" content="1 minut" />
<script type="application/ld+json" class="yoast-schema-graph">{"@context":"https://schema.org","@graph":[{"@type":"WebPage","@id":"https://proreilumpiyhteiskunta.fi/sv/sok-finansiering-for-ditt-valarbete/","url":"https://proreilumpiyhteiskunta.fi/sv/sok-finansiering-for-ditt-valarbete/","name":"Sök finansiering för ditt valarbete - Pro Rättvisare Samhälle","isPartOf":{"@id":"https://proreilumpiyhteiskunta.fi/#website"},"datePublished":"2022-11-07T10:49:40+00:00","dateModified":"2023-03-06T05:59:14+00:00","description":"Föreningen Pro rättvisare samhälle beviljar understöd till kandidater som delar föreningens mål","breadcrumb":{"@id":"https://proreilumpiyhteiskunta.fi/sv/sok-finansiering-for-ditt-valarbete/#breadcrumb"},"inLanguage":"sv-SE","potentialAction":[{"@type":"ReadAction","target":["https://proreilumpiyhteiskunta.fi/sv/sok-finansiering-for-ditt-valarbete/"]}]},{"@type":"BreadcrumbList","@id":"https://proreilumpiyhteiskunta.fi/sv/sok-finansiering-for-ditt-valarbete/#breadcrumb","itemListElement":[{"@type":"ListItem","position":1,"name":"Home","item":"https://proreilumpiyhteiskunta.fi/sv/"},{"@type":"ListItem","position":2,"name":"Sök finansiering för ditt valarbete"}]},{"@type":"WebSite","@id":"https://proreilumpiyhteiskunta.fi/#website","url":"https://proreilumpiyhteiskunta.fi/","name":"Pro Rättvisare Samhälle","description":"Pro Rättvisare Samhälle","potentialAction":[{"@type":"SearchAction","target":{"@type":"EntryPoint","urlTemplate":"https://proreilumpiyhteiskunta.fi/?s={search_term_string}"},"query-input":"required name=search_term_string"}],"inLanguage":"sv-SE"}]}</script>
<!-- / Yoast SEO plugin. -->

Sök finansiering för ditt valarbete - Pro Rättvisare Samhälle

Föreningen Pro rättvisare samhälle beviljar understöd till kandidater som delar föreningens mål

Pro Rättvisare Samhälle
